{"id":1506,"date":"2026-04-01T12:17:52","date_gmt":"2026-04-01T12:17:52","guid":{"rendered":"https:\/\/colegioabogadosbari.org.ar\/?page_id=1506"},"modified":"2026-04-06T12:55:34","modified_gmt":"2026-04-06T12:55:34","slug":"actualizacion-ley-de-modernizacion-laboral","status":"publish","type":"page","link":"https:\/\/colegioabogadosbari.org.ar\/?page_id=1506","title":{"rendered":"ACTUALIZACI\u00d3N LEY DE MODERNIZACI\u00d3N LABORAL"},"content":{"rendered":"\n\n\n<h2>ACTUALIZACI\u00d3N LEY DE MODERNIZACI\u00d3N LABORAL<\/h2>\n\n\n\n\n\n\n\n\n<h4>30 y 31 de de Abril de 2026<\/h4>\n\n<h2>Ver la conferencia:<\/h2>\n\n\n\n\n\n\n\n\n\n\n<h2>Descargar presentaciones y documentos:<\/h2>\n\n\n\n\n\n\n\n\n\n\n\n\n\n\n\n\n\n\n\n\n<h2>Galer\u00eda de im\u00e1genes:<\/h2>\n\n\n\n\n\n<p>Las im\u00e1genes exhibidas en esta secci\u00f3n son propiedad intelectual exclusiva del Colegio de Abogados y Abogadas de San Carlos de Bariloche y se encuentran protegidas conforme a la Ley 11.723 de Propiedad Intelectual de la Rep\u00fablica Argentina. Queda estrictamente prohibida su reproducci\u00f3n, distribuci\u00f3n o utilizaci\u00f3n total o parcial sin la previa autorizaci\u00f3n expresa por escrito de la instituci\u00f3n.<\/p>\n\n\n","protected":false},"excerpt":{"rendered":"","protected":false},"author":1,"featured_media":0,"parent":0,"menu_order":0,"comment_status":"closed","ping_status":"closed","template":"","meta":{"pagelayer_contact_templates":[],"_pagelayer_content":"","footnotes":""},"class_list":["post-1506","page","type-page","status-publish","hentry"],"_links":{"self":[{"href":"https:\/\/colegioabogadosbari.org.ar\/index.php?rest_route=\/wp\/v2\/pages\/1506","targetHints":{"allow":["GET"]}}],"collection":[{"href":"https:\/\/colegioabogadosbari.org.ar\/index.php?rest_route=\/wp\/v2\/pages"}],"about":[{"href":"https:\/\/colegioabogadosbari.org.ar\/index.php?rest_route=\/wp\/v2\/types\/page"}],"author":[{"embeddable":true,"href":"https:\/\/colegioabogadosbari.org.ar\/index.php?rest_route=\/wp\/v2\/users\/1"}],"replies":[{"embeddable":true,"href":"https:\/\/colegioabogadosbari.org.ar\/index.php?rest_route=%2Fwp%2Fv2%2Fcomments&post=1506"}],"version-history":[{"count":6,"href":"https:\/\/colegioabogadosbari.org.ar\/index.php?rest_route=\/wp\/v2\/pages\/1506\/revisions"}],"predecessor-version":[{"id":1521,"href":"https:\/\/colegioabogadosbari.org.ar\/index.php?rest_route=\/wp\/v2\/pages\/1506\/revisions\/1521"}],"wp:attachment":[{"href":"https:\/\/colegioabogadosbari.org.ar\/index.php?rest_route=%2Fwp%2Fv2%2Fmedia&parent=1506"}],"curies":[{"name":"wp","href":"https:\/\/api.w.org\/{rel}","templated":true}]}}